of 300 and 660?
60
What is the highest common factor of 345 and 50?
5
Calculate the greatest common factor of 90 and 168.
6
What is the greatest common factor of 37 and 37?
37
What is the greatest common factor of 310 and 20?
10
What is the highest common divisor of 744 and 312?
24
What is the greatest common divisor of 42 and 1323?
21
What is the greatest common divisor of 11 and 11?
11
Calculate the highest common factor of 33 and 1507.
11
Calculate the highest common factor of 290 and 638.
58
Calculate the highest common factor of 303 and 41.
1
Calculate the highest common divisor of 1020 and 500.
20
What is the greatest common divisor of 525 and 50?
25
Calculate the highest common divisor of 228 and 996.
12
Calculate the highest common factor of 10 and 1990.
10
Calculate the greatest common factor of 42 and 5474.
14
Calculate the highest common divisor of 1029 and 126.
21
Calculate the greatest common divisor of 9737 and 91.
91
Calculate the greatest common factor of 46 and 67620.
46
Calculate the highest common divisor of 6 and 258.
6
Calculate the highest common divisor of 31200 and 10.
10
Calculate the highest common factor of 108 and 2862.
54
What is the highest common factor of 10 and 244?
2
Calculate the highest common divisor of 41 and 25092.
41
What is the greatest common factor of 41532 and 12?
12
What is the greatest common divisor of 72 and 138?
6
Calculate the highest common factor of 240 and 30.
30
What is the highest common divisor of 56902 and 46?
46
Calculate the greatest common divisor of 350 and 475.
25
What is the greatest common divisor of 186 and 36642?
186
Calculate the greatest common divisor of 855 and 90.
45
Calculate the highest common factor of 959 and 411.
137
Calculate the highest common factor of 95 and 65.
5
Calculate the highest common factor of 54 and 144.
18
What is the highest common divisor of 2 and 2?
2
What is the highest common factor of 160 and 5?
5
What is the greatest common divisor of 21 and 6349?
7
Calculate the greatest common factor of 469 and 14.
7
What is the greatest common factor of 65 and 12935?
65
Calculate the greatest common factor of 1743 and 21.
21
Calculate the greatest common factor of 874 and 92.
46
Calculate the greatest common divisor of 27 and 75.
3
Calculate the highest common divisor of 36 and 19710.
18
What is the highest common divisor of 95 and 2413?
19
Calculate the greatest common divisor of 5301 and 1026.
171
Calculate the highest common divisor of 36 and 284.
4
Calculate the greatest common factor of 25 and 115.
5
Calculate the highest common divisor of 4933 and 1.
1
What is the greatest common factor of 115 and 92?
23
Calculate the greatest common factor of 126 and 210.
42
Calculate the highest common divisor of 51 and 323.
17
What is the greatest common factor of 255 and 850?
85
Calculate the highest common factor of 5963 and 134.
67
What is the greatest common factor of 564 and 36?
12
Calculate the greatest common factor of 21 and 10934.
7
Calculate the greatest common factor of 108 and 6204.
12
What is the greatest common factor of 429 and 26?
13
What is the highest common factor of 14 and 1736?
14
Calculate the highest common factor of 77 and 28.
7
What is the highest common divisor of 1062 and 144?
18
What is the greatest common factor of 76 and 4?
4
What is the highest common divisor of 23 and 207?
23
Calculate the greatest common divisor of 10 and 30.
10
What is the highest common factor of 48 and 976?
16
Calculate the highest common factor of 336 and 48.
48
Calculate the highest common divisor of 9 and 363.
3
What is the highest common divisor of 34 and 11951?
17
What is the greatest common divisor of 101 and 4747?
101
Calculate the greatest common divisor of 8 and 56.
8
Calculate the greatest common factor of 108 and 264.
12
Calculate the highest common factor of 91 and 1781.
13
What is the greatest common factor of 24 and 648?
24
Calculate the highest common factor of 39 and 840.
3
What is the highest common divisor of 138 and 12075?
69
What is the highest common divisor of 20 and 15370?
10
Calculate the greatest common factor of 153 and 18.
9
Calculate the highest common factor of 12405 and 30.
15
What is the greatest common factor of 57 and 513?
57
Calculate the highest common factor of 18 and 38.
2
Calculate the greatest common divisor of 20 and 7780.
20
What is the greatest common divisor of 1160 and 120?
40
Calculate the highest common factor of 7 and 1183.
7
What is the highest common divisor of 40 and 1180?
20
What is the highest common divisor of 42 and 63?
21
What is the highest common factor of 300 and 1525?
25
Calculate the greatest common factor of 22032 and 136.
136
What is the greatest common divisor of 10 and 1430?
10
Calculate the greatest common divisor of 203 and 29.
29
Calculate the highest common divisor of 57 and 114.
57
What is the highest common divisor of 134 and 335?
67
What is the greatest common factor of 13886 and 106?
106
What is the greatest common factor of 15 and 675?
15
Calculate the highest common factor of 3807 and 324.
81
Calculate the highest common divisor of 231 and 21.
21
What is the highest common divisor of 15718 and 58?
58
Calculate the greatest common divisor of 4128 and 48.
48
What is the greatest common factor of 2598 and 6?
6
What is the greatest common divisor of 27 and 432?
27
Calculate the greatest common factor of 500 and 20.
20
What is the greatest common divisor of 21 and 2709?
21
Calculate the greatest common factor of 1062 and 18.
18
Calculate the highest common factor of 13540 and 20.
20
Calculate the greatest common divisor of 580 and 1682.
58
Calculate the greatest common factor of 1309 and 77.
77
What is the highest common divisor of 1128 and 24?
24
What is the greatest common factor of 18203 and 167?
167
Calculate the greatest common factor of 13 and 403.
13
What is the greatest common factor of 8 and 568?
8
Calculate the highest common divisor of 68 and 15759.
17
What is the greatest common divisor of 305 and 2013?
61
What is the highest common divisor of 369 and 3444?
123
Calculate the greatest common factor of 675 and 63.
9
Calculate the highest common divisor of 24 and 10.
2
What is the highest common factor of 374 and 34?
34
Calculate the greatest common factor of 6288 and 64.
16
What is the greatest common divisor of 260 and 80?
20
What is the highest common factor of 2632 and 42?
14
Calculate the highest common divisor of 156 and 39.
39
Calculate the highest common factor of 63 and 18.
9
What is the highest common divisor of 40 and 15?
5
What is the greatest common divisor of 354 and 6?
6
Calculate the greatest common divisor of 536 and 40.
8
Calculate the greatest common divisor of 2 and 11534.
2
What is the greatest common factor of 130 and 470?
10
Calculate the highest common factor of 760 and 1292.
76
What is the highest common divisor of 504 and 28?
28
What is the greatest common factor of 120 and 160?
40
Calculate the greatest common divisor of 3591 and 135.
27
Calculate the highest common factor of 12195 and 45.
45
Calculate the greatest common divisor of 10 and 705.
5
Calculate the greatest common divisor of 45 and 1005.
15
What is the highest common factor of 272 and 34?
34
Calculate the highest common factor of 3 and 250.
1
What is the greatest common factor of 22 and 11352?
22
Calculate the greatest common divisor of 1651 and 508.
127
Calculate the highest common factor of 236 and 2183.
59
Calculate the highest common divisor of 832 and 572.
52
Calculate the highest common factor of 595 and 35.
35
Calculate the highest common divisor of 6 and 222.
6
What is the highest common factor of 221 and 136?
17
Calculate the highest common divisor of 1055 and 13504.
211
Calculate the greatest common divisor of 403 and 341.
31
What is the highest common factor of 559 and 43?
43
Calculate the greatest common factor of 539 and 11.
11
What is the highest common divisor of 100 and 20?
20
What is the highest common divisor of 112 and 280?
56
What is the highest common factor of 10 and 265?
5
Calculate the greatest common divisor of 53 and 5989.
53
What is the greatest common factor of 771 and 3?
3
What is the highest common divisor of 77 and 396?
11
What is the greatest common divisor of 1784 